t, z - 3*z + 204 = 3*t. Suppose -3*i + 112 = 10. Calculate the remainder when z is divided by i.
28
Suppose -10 = o + l - 36, 0 = -7*l + 2*l. Calculate the remainder when 60 is divided by o.
8
Let d(y) = -3*y**3 - 86*y**2 - 134*y + 52. Let p(f) = -34*f + 4. Calculate the remainder when p(-5) is divided by d(-27).
24
Let a be 7/(-28) + (-34)/(-8). Suppose 0 = 5*t + 2*x - 33, 0 = 5*t - a*x - 9. Calculate the remainder when 22 is divided by t.
2
Suppose -2*q + 10 = 0, 4180 = 8*h - 3*h - 3*q. Suppose -1007 = -6*i - h. What is the remainder when 135 is divided by i?
23
Suppose -115*j = -111*j + 3556. Let r = j - -1099. What is the remainder when r is divided by 106?
104
Suppose -5*y + 4*y + 115 = -3*n, 139 = y + 3*n. Let i be 12*(-424)/(-160) + 16/(-20). What is the remainder when y is divided by i - (3 - 0) - (-14 + 20)?
17
Let u = 434 + -407. What is the remainder when 125 is divided by (8/(-6))/(23/u + -1)?
8
Suppose -3*l = 3*n - 2*n - 5, -4*n + 2*l + 6 = 0. Suppose 0 = -5*r + 5*x + 115, 0 = -n*r - r + 5*x + 69. Calculate the remainder when 36 is divided by r.
13
Let g = 712 + -655. What is the remainder when (63/42)/(6/1040*2) is divided by g?
16
Let k(n) = -310*n - 6114. Calculate the remainder when 441 is divided by k(-20).
11
Let b(g) = -g**3 - 20*g**2 + 156*g + 2. Let x be b(-26). Suppose -j + 78 = 2*p, -3*p + 317 = x*j + 2*j. Calculate the remainder when 238 is divided by j.
78
Suppose u + 3*o = -0*u + 607, o = 5*u - 2955. Let d = -580 + u. Calculate the remainder when 321 is divided by d.
9
Suppose -6299 - 229762 = -191*n - 56712. What is the remainder when n is divided by 43?
36
Let y = 11123 + -11078. Calculate the remainder when 672 is divided by y.
42
Let v = -528 - -779. Suppose 3*x + 2588 = -5*k + 2646, 2*k - 5*x - 17 = 0. Calculate the remainder when v is divided by k.
9
Suppose 5*c = 2*v + 125 - 70, 3*c = -v + 22. Suppose g - 9 = -29. Calculate the remainder when 1/4 + (-675)/g is divided by c.
7
Let f = 122 + -118. What is the remainder when (64/8)/f - -102 is divided by 4?
0
Let m = -1222 + 1245. Calculate the remainder when 431 is divided by m.
17
Suppose 2*k - 354 + 52 = 3*a, 443 = 3*k - 2*a. Suppose 9*w - 8*w - k = 0. Calculate the remainder when w is divided by 75.
70
Suppose 55*r - 9869 = 9546. What is the remainder when r is divided by 48?
17
Let a = 256378 - 256359. Let z(l) = -378*l**3 + l**2 - 1. Calculate the remainder when z(-1) is divided by a.
17
Let a = -144 + 223. What is the remainder when a is divided by 1372/60 - (-4)/(-35)*42/(-36)?
10
Let b = -20 + -7. Let h = 659 - 361. What is the remainder when h is divided by 452/9 - -1*6/b?
48
Let b = 8905 + -8888. Calculate the remainder when 17456 is divided by b.
14
Let g(v) = -2*v**3 - 34*v**2 - 185*v - 8. Calculate the remainder when 3734 is divided by g(-15).
0
Suppose 2*h = -0*t - 4*t - 162, 3*h = 3*t + 117. Calculate the remainder when t/14 + 6/(-42) + 16 is divided by 7.
6
Let q be (19/((-190)/(-112)))/(2/65). Let u = 375 - q. What is the remainder when 75 is divided by u?
9
Let s = 12031 + -6595. What is the remainder when s is divided by 170?
166
Suppose 0 = -410*k + 162*k + 5704. What is the remainder when 64 is divided by k?
18
Let t(g) be the second derivative of -g**5/10 - 23*g**4/12 - 17*g**3/6 - 5*g**2/2 + 4*g + 1. What is the remainder when 182 is divided by t(-11)?
60
Suppose -n + 95 = 4*a, -n - 22*a + 21*a + 107 = 0. Calculate the remainder when n is divided by 72.
39
Suppose -24*f = -41*f + 33864. What is the remainder when f is divided by 69?
60
Let v(q) = 3*q**3 + 21*q**2 + 4*q + 16. Let c be v(-7). Let h(w) = -w**3 - 12*w**2 - w - 7. Calculate the remainder when 88 is divided by h(c).
3
Let b(m) = 3*m**2 + 1. Let a(f) = -7*f**2 + f - 2. Let s(d) = -4*a(d) - 9*b(d). Suppose 32*j = -16 - 80. What is the remainder when s(j) is divided by 7?
6
Let q be 1/(-12) + (-14267)/(-132). Suppose -17 = -5*z - 3*i + 112, 4*z = -4*i + q. Calculate the remainder when 71 is divided by z.
23
Let u = 1406 + -1392. Let r = -181 - -794. What is the remainder when r is divided by u?
11
Let i = -5354 - -5406. Suppose 4*o - 3*d - 3 = 2, 5*o - 3*d = 7. Calculate the remainder when i is divided by o.
0
Let l = -6158 + 6463. Calculate the remainder when l is divided by 63.
53
Let w = -14189 - -14326. What is the remainder when 3001 is divided by w?
124
Suppose 33 = 17*r - 6*r. Suppose 3*s + 925 = 4*f + 2310, -1383 = -3*s + r*f. What is the remainder when s is divided by 58?
53
Let p(v) = 2*v**2 - 8*v + 7. Suppose 113*s - 114*s + 62 = k, 0 = 2*k + 4*s - 126. What is the remainder when k is divided by p(6)?
30
Let v(i) = i**2 + 13*i - 15. Let l be v(-13). Let b = -12 - l. Let q = b - -18. Calculate the remainder when 60 is divided by q.
18
Let h(m) = -m**2 + 18*m - 30. Let t be (1 + 1)/((-15)/(-105)). Calculate the remainder when h(t) is divided by 18.
8
Let l(u) = 15*u**3 - 3*u**2 + 3*u - 6. Let r be ((-4)/6)/(((-56)/24)/7). What is the remainder when l(r) is divided by 14?
10
Let r = -2835 - -3612. What is the remainder when r is divided by 34?
29
Suppose 56 = 5*u + b - 242, 5*u - 3*b - 326 = 0. Calculate the remainder when u is divided by (-70)/(-8) - (-1)/4.
7
Let c be 11/((-44)/(-8)) - 0. Suppose 246 = c*u - 5*p, -3*u + 121 = -5*p - 258. Calculate the remainder when u is divided by (11/3 + -3)*51.
31
Let w be (3 - (-2 - (3 - 5))) + 0. Suppose -m - w = 0, 4*o + o = -4*m + 258. Let b = o - 40. Calculate the remainder when 48 is divided by b.
6
Let u(x) = 6*x**2 - 9*x + 9. Let i be u(3). Suppose -7*w = 4*s - 9*w - i, -5*s - 5*w = -45. Let n = 2 - 0. What is the remainder when s is divided by n?
1
Let x = 59 + -17. Let a = -38353 - -38688. What is the remainder when a is divided by x?
41
Suppose -3*k + 2*i + 408 = 0, -3*i + 958 = 4*k + 380. Calculate the remainder when k is divided by 43.
11
Suppose 2*c - 2*q + 6*q - 4 = 0, -3*c = 5*q - 8. Suppose c*s = 37 + 23. What is the remainder when s is divided by 9?
1
Suppose 0 = 7*n - 3*n + 104. Let g = 34 + n. Let z = 44 + g. What is the remainder when z is divided by 11?
8
Suppose 1 = m - 7. Suppose m*c = 3*c + 25. Suppose 40 = -0*y + c*y. Calculate the remainder when 13 is divided by y.
5
Suppose -4*q + 477 + 319 = 0. Suppose 14*k = q + 81. Calculate the remainder when 98 is divided by k.
18
Let y(l) = l**3 + 3*l**2 + 4. Let t be y(-3). Suppose 57 = 5*z + a, -t*z + 3 + 33 = 4*a. Let h = 38797 - 38753. What is the remainder when h is divided by z?
8
Let b = 8127 + -7237. What is the remainder when 899 is divided by b?
9
Suppose 5 = -4*n - h + 9, 0 = n - h - 6. What is the remainder when 52 is divided by 1*(n + -43)*(-1 - 0)?
11
Let f be 2/30*3 + 3128/10. Let d = f + -37. Suppose 6*n + d = 10*n. Calculate the remainder when n is divided by 15.
9
Suppose -28*m + 30 = -18*m. Suppose -2*q = 5 + 5, -m*l - 5*q + 17 = 0. What is the remainder when 18 is divided by l?
4
Suppose 31*p - 34119 + 5661 = 0. Calculate the remainder when p is divided by 59.
33
Let s(i) = -141*i + 6881. Let c = 3 + 17. Calculate the remainder when s(47) is divided by c.
14
Suppose -4*s = 612 + 136. Let v = 206 + s. What is the remainder when 56 is divided by v?
18
Suppose 78*s - 80*s + 300 = 0. What is the remainder when 4044 is divided by s?
144
Calculate the remainder when 177 is divided by ((-435)/405 - 2/(-27)) + 62/2.
27
Let d = -4725 + 5618. What is the remainder when d is divided by 147?
11
Let v = -22 - -42. Calculate the remainder when (-1 - -281) + (63 - 45) is divided by v.
18
Let n(b) be the second derivative of b**5/20 - 13*b**4/6 - 23*b**3/6 + 35*b**2 - 10*b - 7. What is the remainder when n(27) is divided by 53?
19
Suppose -1396 - 190 = -11*l + 482. Calculate the remainder when 402 is divided by l.
26
Let a = -81 + 181. Let y = 451 - a. Calculate the remainder when y is divided by 32.
31
Let k = -75 + 73. Let f(v) = -9*v**3 - v**2 + v - 4. Calculate the remainder when f(k) is divided by 13.
10
Let u(t) = 36*t + 363. Let l(f) = f**3 + f. Let d be l(1). Suppose d*a - 28 = -0*a. Calculate the remainder when u(-9) is divided by a.
11
Let m be 99314/322 - (-4)/7. Let a = -297 + m. Calculate the remainder when a is divided by 2.
0
Suppose 26 = k + 4*y, -3*k + 2*y = -7 - 85. Let c(v) = 2*v**3 + 8*v**2 + 4*v + 87. What is the remainder when k is divide